{"id":225728,"date":"2022-09-12T19:57:42","date_gmt":"2022-09-12T17:57:42","guid":{"rendered":"https:\/\/escm35.fr\/accueil\/?post_type=product&#038;p=225728"},"modified":"2025-06-07T14:27:20","modified_gmt":"2025-06-07T12:27:20","slug":"adhesion-theatre","status":"publish","type":"product","link":"https:\/\/escm35.fr\/accueil\/produit\/adhesion-theatre\/","title":{"rendered":"Adh\u00e9sion-THEATRE"},"content":{"rendered":"<p>Adh\u00e9sion pour l&rsquo;ann\u00e9e 2025-2026<strong><br \/>\n<\/strong><\/p>\n<p>adh\u00e9sion ESCM 5 \u20ac + cotisation THEATRE 40 \u20ac pour les ados<\/p>\n<p>adh\u00e9sion ESCM 10 \u20ac + cotisation THEATRE 50 \u20ac pour les adultes<\/p>\n<p>&nbsp;<\/p>\n<p><a href=\"https:\/\/escm35.fr\/wp-content\/uploads\/2016\/11\/ca-e-transactions-cb-visa-mastercard.png\"><img loading=\"lazy\" decoding=\"async\" class=\"alignnone size-full wp-image-3719\" src=\"https:\/\/escm35.fr\/wp-content\/uploads\/2016\/11\/ca-e-transactions-cb-visa-mastercard.png\" alt=\"\" width=\"222\" height=\"107\" \/><\/a><\/p>\n","protected":false},"excerpt":{"rendered":"<p>Adh\u00e9sion THEATRE<\/p>\n<p><a href=\"https:\/\/escm35.fr\/wp-content\/uploads\/2022\/09\/theatre-ESCM.webp\"><img loading=\"lazy\" decoding=\"async\" class=\"alignleft size-medium wp-image-225729\" src=\"https:\/\/escm35.fr\/wp-content\/uploads\/2022\/09\/theatre-ESCM-212x300.webp\" alt=\"\" width=\"212\" height=\"300\" \/><\/a><\/p>\n","protected":false},"featured_media":225729,"comment_status":"open","ping_status":"closed","template":"","meta":{"_et_pb_use_builder":"","_et_pb_old_content":"","_et_gb_content_width":"","_exactmetrics_skip_tracking":false,"_exactmetrics_sitenote_active":false,"_exactmetrics_sitenote_note":"","_exactmetrics_sitenote_category":0},"product_brand":[],"product_cat":[118],"product_tag":[],"class_list":{"0":"post-225728","1":"product","2":"type-product","3":"status-publish","4":"has-post-thumbnail","6":"product_cat-adhesion-licence","8":"first","9":"instock","10":"shipping-taxable","11":"purchasable","12":"product-type-variable","13":"has-default-attributes"},"_links":{"self":[{"href":"https:\/\/escm35.fr\/accueil\/wp-json\/wp\/v2\/product\/225728"}],"collection":[{"href":"https:\/\/escm35.fr\/accueil\/wp-json\/wp\/v2\/product"}],"about":[{"href":"https:\/\/escm35.fr\/accueil\/wp-json\/wp\/v2\/types\/product"}],"replies":[{"embeddable":true,"href":"https:\/\/escm35.fr\/accueil\/wp-json\/wp\/v2\/comments?post=225728"}],"wp:featuredmedia":[{"embeddable":true,"href":"https:\/\/escm35.fr\/accueil\/wp-json\/wp\/v2\/media\/225729"}],"wp:attachment":[{"href":"https:\/\/escm35.fr\/accueil\/wp-json\/wp\/v2\/media?parent=225728"}],"wp:term":[{"taxonomy":"product_brand","embeddable":true,"href":"https:\/\/escm35.fr\/accueil\/wp-json\/wp\/v2\/product_brand?post=225728"},{"taxonomy":"product_cat","embeddable":true,"href":"https:\/\/escm35.fr\/accueil\/wp-json\/wp\/v2\/product_cat?post=225728"},{"taxonomy":"product_tag","embeddable":true,"href":"https:\/\/escm35.fr\/accueil\/wp-json\/wp\/v2\/product_tag?post=225728"}],"curies":[{"name":"wp","href":"https:\/\/api.w.org\/{rel}","templated":true}]}}